 7*f - 3*f - r. What are the prime factors of f?
2
Suppose 5*i = 2*i - 2*v + 307, 0 = 2*i + 4*v - 202. What are the prime factors of i?
103
Suppose 3*v = -3*v + 12. Suppose -v*z - 24 = -374. List the prime factors of z.
5, 7
Suppose -3*o = -2*o - 3*h + 3, 2*o + 4*h = -6. Let n(q) = -2*q + 1. Let z(j) = -2*j + 5. Let g(w) = 6*n(w) - z(w). List the prime factors of g(o).
31
Let i(p) = 6*p + 398. What are the prime factors of i(-23)?
2, 5, 13
Let d(c) = -7*c + 19. Let a be d(-8). Let g = a - -140. List the prime factors of g.
5, 43
What are the prime factors of (-457)/(-1*(-9)/(-90))?
2, 5, 457
Let i(g) = 25*g - 6. Let f be i(2). Suppose b - f = -3*p + 66, -2*b - 5*p = -223. What are the prime factors of b?
7, 17
Let k = 133 + 1210. What are the prime factors of k?
17, 79
Suppose 3*p - 4 = -m, -3*p - 2*m + 2 + 0 = 0. Suppose -p*i + 14 = -56. Suppose -3*c = 2*z - 8*c - i, -130 = -5*z + 4*c. List the prime factors of z.
2, 3, 5
Suppose 41*a = 2*h + 42*a - 3383, 4*a = 12. List the prime factors of h.
2, 5, 13
Suppose -s - 3 = -0*s, -2*s - 2 = 2*z. Suppose z*c - 151 = 57. Let m = c + -71. List the prime factors of m.
3, 11
Let f = -798 + 1510. What are the prime factors of f?
2, 89
Let b = 10 + -6. Suppose -6*y + b*y - 6 = 0. List the prime factors of (62/(-6) + 2)*y.
5
Suppose -40128 = 7*y - 45*y. List the prime factors of y.
2, 3, 11
Let d(y) = y**2 - 8*y - 5. Let a(l) = -9*l + 5. Let x be a(-7). Suppose -4*s - 28 = -x. What are the prime factors of d(s)?
3, 5
Let m(d) = 4*d + 2. Let p(o) = 25*o + 12. Let j(c) = -39*m(c) + 6*p(c). Let k be j(4). List the prime factors of (-12)/k*5*3.
2, 3
Let w(b) = 30*b**2 + 5*b + 15. List the prime factors of w(-5).
2, 5, 37
Let h(w) = -w**3 - 11*w**2 - 24*w + 21. Let f be h(-11). Suppose -4*b + 5*t + f = -120, 4*b - 396 = -4*t. List the prime factors of b.
2, 5
Suppose -4*z + 365 + 817 = 2*w, 5*w - 2941 = 4*z. What are the prime factors of w?
19, 31
What are the prime factors of (-13321)/(-55) + 1 + 4/5?
2, 61
Let x be (-1 - (1 + -32))/(1 - -1). What are the prime factors of 7*x - (-12)/(-5 - -2)?
101
Let q(d) = -14*d**3 + d**2 + d + 1. Let z(g) = -g - 11. Let r be z(-9). Let l(x) = x**3 + 2*x**2 - 1. Let j be l(r). List the prime factors of q(j).
3, 5
Let y(j) = j**3 + 14*j**2 + 39*j - 5. List the prime factors of y(-10).
5
Let y = -32 + 35. Suppose -y*x = -x - 2*m - 68, -5*x + 3*m = -164. List the prime factors of x.
31
Suppose 5*r = 3*m - m - 412, 0 = 4*r. What are the prime factors of m?
2, 103
Let y(b) = -b**3 - 6*b**2 - 12*b + 20. What are the prime factors of y(-11)?
757
Suppose 41*n + 6300 = 46*n + 5*q, q = 2*n - 2532. List the prime factors of n.
2, 79
Suppose 11*y - 7*y = 20. Suppose -y*u + 17 = 7. Suppose -d - u*d + 60 = 0. What are the prime factors of d?
2, 5
Let r = 468 + 863. List the prime factors of r.
11
Let a(h) = -h**3 + h**2 + 19. Let z be a(0). Let u = -25 - -19. Let f = z + u. List the prime factors of f.
13
Let p = 9 - 5. Suppose -p*m - 30 = -382. Suppose -m - 96 = -4*v. What are the prime factors of v?
2, 23
Suppose -v = 4*y - 1881, -9 = 2*v - 11. List the prime factors of y.
2, 5, 47
Let i be -3 - (-14 + (7 - 0)). Let k = -3 - -3. Suppose -y - i*v + 6 = k, 0 = -y + 2*v + 14 + 22. What are the prime factors of y?
2, 13
Let o(w) = 311*w + 115. What are the prime factors of o(6)?
7, 283
Suppose 0*l - 5*l - 1260 = -3*c, -3*c + 1263 = -4*l. List the prime factors of c.
5, 17
Suppose 2*i - 2600 = -1066. What are the prime factors of i?
13, 59
Let t = 41 + -31. List the prime factors of (-1 - 34/t)*(-4 + -1).
2, 11
Let s(g) = g**3 + 6*g**2 + 5*g + 5. Let q be s(-5). Suppose 4*r = 1 - q, -4*a + 298 = 2*r. What are the prime factors of a?
3, 5
Let v be ((-5)/(-5))/((-1)/9). Let z be (-454)/18 - 2/v. What are the prime factors of (-390)/z - 3/5?
3, 5
Suppose -5 = -2*i + 3*i, 10 = j - 2*i. Suppose j = -6*f + 207 + 237. What are the prime factors of f?
2, 37
Suppose 3 = -4*d + d, -4*d = -y - 8. List the prime factors of (57/4)/((-1)/y).
3, 19
Let j(n) = -n**2 + 5*n + 3. Let g be j(6). Let r be 71 + (-1 - -2)*g. List the prime factors of r/(-20)*1*-5.
17
Let c = 18 + -13. Let z(g) be the third derivative of -g**5/60 + 3*g**4/8 - 2*g**3/3 + 13*g**2. List the prime factors of z(c).
2
Let d(v) = 22*v - 85. What are the prime factors of d(6)?
47
What are the prime factors of 4204 + 4*45/(-36)?
13, 17, 19
Let l(b) = b**3 + 9*b**2 + 9*b + 8. Let f = 36 + -41. What are the prime factors of l(f)?
3, 7
Let d(y) = y**2 + 5*y - 7. Suppose 0 = -i - 1 - 12. Let h = i + 4. List the prime factors of d(h).
29
Suppose 2*n + 4*s - 4682 = 0, -6*n + 3*n - 5*s + 7028 = 0. List the prime factors of n.
2351
Let l be (-45)/(-6) - (-5)/(-2). Let v = 82 + l. What are the prime factors of v?
3, 29
Let r be 12/30 - 174/(-15). Suppose r = 79*j - 77*j. What are the prime factors of j?
2, 3
Suppose -700 = -2*i + 2*t, t - 252 = 4*i - 1661. What are the prime factors of i?
353
Suppose -5*z + 9*z = 36. Suppose z*v = 1272 + 312. List the prime factors of v.
2, 11
Suppose 2*d - 4 = -0*k + 2*k, d - 3*k + 2 = 0. Suppose -5*s = -d*s - 6. List the prime factors of s.
2, 3
Let c be (-4)/(-16)*2*302. Suppose -5*o + c + 14 = 0. What are the prime factors of o?
3, 11
Suppose -2*i - 3*u = -53, 4*i - 3*u - 51 = 2*u. Suppose 4*w - 145 - i = -3*g, -g + 57 = -w. List the prime factors of g.
2, 7
What are the prime factors of (4*(-38)/20)/(190/(-48450))?
2, 3, 17, 19
Let k be (-1)/(-3) + 3/(-5 - 4). Suppose -109 = -2*y - 2*a + a, k = 3*y + a - 162. What are the prime factors of y?
53
Suppose 0 = -5*d - l + 1866, 2*l - 748 = -5*d + 1119. List the prime factors of d.
373
Suppose -14439 = -22*w - 4011. List the prime factors of w.
2, 3, 79
List the prime factors of (20 + -17)/((-13)/16 - -1).
2
Let b(x) = -x**2 + 2*x + 269. Let t be b(0). Let v = 387 - t. List the prime factors of v.
2, 59
Let t = -4 + 7. Suppose -28 = -t*r - 4*l, l = -1 + 5. Suppose -2*v + 81 = 3*z, -2*v - r*z = -86 + 6. What are the prime factors of v?
2, 3, 7
Let y(j) = -15*j - 8. Let t(v) = v**3 + 2*v**2 - 3*v - 2. Let q be t(-3). What are the prime factors of y(q)?
2, 11
What are the prime factors of 1/(-3)*(-1 + 7 + -3459)?
1151
Let d = -1544 + 2243. What are the prime factors of d?
3, 233
Suppose 4*i - a = 16, 5*a - 2 = i - 6. Let c = 6 + 3. What are the prime factors of (1 - i)*(-33)/c?
11
Suppose -a = -5*a + 12, -123 = -4*b - a. What are the prime factors of ((-36)/(-5))/(3/b)?
2, 3
Suppose 5*b = 3*x - 3946 + 460, 0 = 3*x + 5*b - 3516. List the prime factors of x.
3, 389
Suppose 5*c - 14 - 16 = 0. Let h be 0 + 100/2 - -1. Let j = h - c. List the prime factors of j.
3, 5
Let i = -1071 + 1540. What are the prime factors of i?
7, 67
Suppose m + 27 = -2*m. Suppose q - 3*n = -3, 5*q = -5*n - 42 - 33. Let o = m - q. What are the prime factors of o?
3
Let p = 356 + -223. List the prime factors of p.
7, 19
Let c(z) = z**2 + 4*z - 18. Let r be c(4). Suppose -r*l - 44 = -18*l. List the prime factors of l.
11
Let c = -439 - -1311. List the prime factors of c.
2, 109
Let w be -22*(-2 + 0 + 0). Suppose 3*b - 5*j = w, 7*b + 3*j - 12 = 4*b. What are the prime factors of (-9)/(-36) - (-70)/b?
3
Let v(n) = -74*n + 28. List the prime factors of v(-17).
2, 643
Let j = 385 + -296. List the prime factors of j.
89
Suppose -2*n = 12 + 16. Let z = n - -33. Suppose -9 = -2*x + z. What are the prime factors of x?
2, 7
Let n(b) = b**3 + 6*b**2 - 4*b - 17. Let o be n(-6). Suppose 2*r - o = 251. What are the prime factors of r?
3, 43
Suppose 4*h + 404 = 4*o, -o = -4*h + 2*h - 99. Suppose 2*c + 0*y + o = -3*y, -3*y - 3 = 0. Let f = 88 + c. List the prime factors of f.
2, 19
Suppose 2*v + 0*v = 0. Suppose 0 = -2*o + 10, -2*x + 4*x + o - 9 = v. Suppose x*a - 82 = -0*a. List the prime factors of a.
41
Suppose -8*p + 12*p = d - 2676, -2*d = p - 5388. List the prime factors of d.
2, 673
Suppose 35*m + 4700 = 37*m. What are the prime factors of m?
2, 5, 47
What are the prime factors of (-21 - -28) + -2 + 2555?
2, 5
Let w = 2262 + -1369. Suppose -w = -7*v - 25. What are the prime factors of v?
2, 31
Let c(o) = -o**2 + 6*o - 7. Let j be c(6). Let m be 16/6 - j/21. Suppose -w - m*y - 2 = -7, 0 = -3*w - y + 39. What are the prime factors of w?
2, 7
Let m = 1234 - 251. List the prime factors of m.
983
Suppose -